en c is divided by 55?
46
Let w = 11 - 8. Let o(r) = r**3 - r**2 + r. Let y(c) = c**2 - 17*c - 12. What is the remainder when o(w) is divided by y(18)?
3
Let w(t) = 3*t**2 - 13*t - 14. Let k be w(7). Suppose k = 2*c - 32. What is the remainder when c is divided by 13?
11
Let r(x) = -x + 6. Let i be r(6). Suppose 11*v - 1252 - 431 = i. Calculate the remainder when v is divided by 26.
23
Suppose 2*y = y + 45. Let s be (2 + 140)*(-1 - 9/(-6)). Suppose -4*f + s = 7. What is the remainder when y is divided by f?
13
Let b = -5 + -10. Let y = -27 - -43. Let n = y + b. Calculate the remainder when 3 is divided by n.
0
Suppose 45*n = 56*n - 2277. What is the remainder when n is divided by 70?
67
Let l(m) = -m - 5. Let t be l(-8). Suppose -h + 4*y + 5 = -1, t*y = -5*h + 30. What is the remainder when 33 is divided by h?
3
Let d(o) = o**2 + 3*o - 4. Suppose 6 = 5*j - 9. Let t be d(j). Let z = -6 + t. What is the remainder when 29 is divided by z?
5
Let r(i) = i**3 - 2*i**2 - 7. Let q be r(3). Calculate the remainder when 13 is divided by (-10 - q)/4*-2.
1
Let y(x) = 6*x + 7. Let o be y(9). Let c = 1 + -43. Let q = c + o. What is the remainder when 36 is divided by q?
17
Suppose 2*b + 35 = 53. Suppose 0 = 2*c + 3 + b. What is the remainder when 7/14 - 213/c is divided by 13?
10
Let u(r) = r**3 + 6*r**2 - r. Let i be u(-6). Suppose 0 = 13*n - i*n - 105. Calculate the remainder when 72 is divided by n.
12
Suppose -2*b + 11 = -b. Let u be (-56)/6*(5 + (-39)/6). Suppose -3 = 4*a + 1, 2*a = 4*i - u. Calculate the remainder when b is divided by i.
2
Let w = 2 - -1. Suppose -w = -5*x + 152. What is the remainder when x is divided by (-10)/(-4)*(-136)/(-20)?
14
Let n(f) = 27*f**2 + 42*f + 45. Suppose 3*r - 4*d = -5*d + 40, 67 = 5*r + 2*d. What is the remainder when n(-1) is divided by r?
4
What is the remainder when (-48053)/(-174) - (-1)/(-6) is divided by 73?
57
Let d(t) be the third derivative of -t**4/2 + t**3/3 + 9*t**2. Calculate the remainder when 38 is divided by d(-1).
10
Let x(g) = 2*g - 6. Let h be x(14). Suppose 13*u + h = 15*u. Calculate the remainder when 54 is divided by u.
10
Let g(i) = 8*i - 105. What is the remainder when 208 is divided by g(22)?
66
Calculate the remainder when 244 is divided by ((-573)/9 + 7)/(2/(-3)).
74
Let u(x) = x**3 + x**2 - 5*x + 5. Let s be u(5). What is the remainder when ((-4)/10*7)/((-2)/s) is divided by 37?
34
Let d(u) = -2 - 10*u + 4*u**2 + 24*u - 18*u. Calculate the remainder when d(-2) is divided by 3.
1
Let x(t) = 2*t + t**2 + 2*t**2 - 2*t**2 + 0*t**2 + t**3 - 2. What is the remainder when 68 is divided by x(2)?
12
Let j(z) = -2*z**2 - 24*z - 20. Let q be j(-11). Suppose q*y - 46 = -4*a, -99 = -5*y - 3*a + a. What is the remainder when y is divided by 7?
5
What is the remainder when 128 is divided by 14 + -13 + 56/(0 - -2)?
12
Let f = -16 + 16. Calculate the remainder when 135 is divided by 230/10 + 1/(-2)*f.
20
Suppose -3*i - i + 168 = 4*k, 0 = -3*k + 5*i + 166. Calculate the remainder when k is divided by 294/(-245)*(-5)/(-3)*-5.
7
Suppose -7*g + 245 = -2*g. Let y be ((-136)/10)/(2/(-5)). Let m = y + -21. What is the remainder when g is divided by m?
10
Let v(r) = -86*r + 202. Suppose -4*f = -2*f - 34. Calculate the remainder when v(2) is divided by f.
13
Let t = -4 - -2. Let d(u) = u + 1. Let y(h) = 23*h + 2. Let p(j) = 3*d(j) - y(j). Calculate the remainder when p(t) is divided by 21.
20
What is the remainder when 167 is divided by 3 + 4 + -2 - -37?
41
Suppose 7*o - 2*u - 502 = 5*o, o - 2*u - 251 = 0. What is the remainder when o is divided by 84?
83
Let t(c) = c**2 + 8*c - 13. Let d = 311 - 304. Calculate the remainder when t(-11) is divided by d.
6
Suppose -j + 33 = 5*o - 77, 2*o - 3*j = 61. What is the remainder when 118 is divided by o?
3
Suppose 0 = -24*r + 4*r + 420. What is the remainder when r is divided by 17?
4
What is the remainder when 264 is divided by 5/(-30)*39*14/(-1)?
82
What is the remainder when 91 is divided by 1480/40 - (-11 - -1)?
44
Let a(f) = f**2 - 12*f + 1. Let b be a(12). Suppose -i + 4*n = i, 0 = 2*i - 3*n - b. What is the remainder when 5 is divided by i?
1
Suppose -3*p + 32 - 5 = 0. Suppose -5*f + 20 = 2*i, -5*i = -3*f - 28 + p. Suppose -q - 7 = -10. What is the remainder when i is divided by q?
2
Suppose -4*m - m = 4*f - 750, 0 = -3*f - 2*m + 566. Let i = f + -120. What is the remainder when i is divided by 26?
18
Let c(q) = -q**3 + q + 8. Let h = 114 + -109. Suppose -2*r = -3*x - 21, 7*x - h*x = -2*r + 6. Calculate the remainder when c(0) is divided by r.
2
Let b = 4 - 1. Suppose 2*v + 52 = -2*o, 3*v = -5*o + 9 - 141. Let w = o - -33. Calculate the remainder when w is divided by b.
0
Calculate the remainder when 184 + 25/((-150)/36) is divided by 36.
34
Let d(n) = -11 + 9*n + 6*n**3 + 11*n**2 - 3*n**3 - 2*n**3. Let i be d(-9). Suppose 5*v = -0*v + i. What is the remainder when 52 is divided by v?
10
Let k(y) = y**3 + 9*y**2 + 11*y + 4. What is the remainder when 47 is divided by k(-7)?
22
Let c be (-210)/(-49) + 1 - 2/7. Suppose c*x - 282 = -2*w, -w = -5*x - 0*x + 294. What is the remainder when x is divided by 20?
18
Suppose -2*w + 4*t = 18, 2*t - 4 - 6 = 0. Calculate the remainder when 43 is divided by (14 - -4)*w + 4.
21
Let w(f) be the first derivative of -13*f**4/2 + f**3/3 + f**2 + f - 1. Calculate the remainder when w(-1) is divided by (-1*7)/(-8*(-19)/(-152)).
5
Suppose 2*b + 6 = -2*w + 3*w, -2*b = w - 14. Let v = w - -7. Let q(c) = -c**3 + 17*c**2 + 10. Calculate the remainder when 19 is divided by q(v).
9
What is the remainder when 56/(-252) - (21460/36)/(-5) is divided by 15?
14
Let b be -1 + 77 + (7 - 9). Suppose -2*k - p - 56 = 0, 4*k + b = k - 4*p. Let l = 51 + k. What is the remainder when l is divided by 8?
5
Suppose -3*k + 4*k = -f - 5, -k = -f + 5. Suppose 0 = -x + 1, 4*g + f*g + 4*x - 68 = 0. Let m(r) = -9*r - 6. Calculate the remainder when m(-4) is divided by g.
14
Calculate the remainder when 187 is divided by 2 + 3/(-1) + -74 + 139.
59
Suppose -61 = 3*d - 4*f, 4*f = d - f + 24. Let k = 1500 + -1467. Let z = d + k. What is the remainder when 27 is divided by z?
13
Let d = -27 + 28. Suppose 3*h - 11 - d = 0. What is the remainder when h is divided by (-18)/(-15)*(-10)/(-4)?
1
Let g = 5 - 5. Suppose k - 1 - 7 = g. Suppose -44 = 4*c - k*c. Calculate the remainder when 53 is divided by c.
9
Calculate the remainder when (-15)/(-5)*4/((-48)/(-172)) is divided by 9.
7
Let w = -33 + 32. What is the remainder when 94 is divided by (-1*75)/(-3) + w?
22
Let m(u) = u**3 - 4*u**2 - 10*u + 8. Let f(j) = -7*j + 108. What is the remainder when f(5) is divided by m(6)?
13
Let u be (1/4)/(10/80). Suppose -8*o + 168 = -u*o. What is the remainder when o is divided by 16?
12
Let g(q) = 2*q**3 - 26*q**2 + 24*q + 3. What is the remainder when g(12) is divided by (-5)/20 - 26/(-8)?
0
Let k(c) = 9*c - 189. Calculate the remainder when 156 is divided by k(23).
12
Let u = 341 - 173. Suppose 0 = -2*m - m + u. What is the remainder when m is divided by 15?
11
Suppose 3*o + 29 = -55. Let v = -14 - o. Calculate the remainder when v is divided by 5.
4
Suppose 0*j = -6*j - 678. Let g = -74 - j. Calculate the remainder when 77 is divided by g.
38
Let d = -87 - -149. What is the remainder when 120 is divided by d?
58
Let j = -150 + 186. Let d(w) = w + 2. Let z be d(0). Suppose -i - 51 = -3*u, 4*i + z = -2*u + j. What is the remainder when 82 is divided by u?
14
Suppose 4*r + 2 - 30 = 4*l, 4*r + 4*l - 12 = 0. Let n(v) = v**3 - 4*v**2 - 2*v - 4. Calculate the remainder when n(r) is divided by 4.
3
Suppose 22*n = 20*n + 22. Suppose m - 31 = -2*x, 3*x = 4*x - m - n. What is the remainder when x is divided by 4/18*6*6?
6
Suppose 29 = -2*i + 45. Let r = 12 - -57. Calculate the remainder when r is divided by i.
5
Let b be 2/10 - (-92)/(-10). Let p = -7 - b. Suppose -x - 3 = -h, 3*h = -p*h - 5*x + 25. What is the remainder when 9 is divided by h?
1
What is the remainder when 17 is divided by (-476)/(-49) - 6/(-21)?
7
Suppose 5*z + 11 = -64. Let m be 2/(4/62 - 0). Let k = z + m. Calculate the remainder when 46 is divided by k.
14
Suppose -4*c + 3*t = -156, 3*t - 4*t = -c + 40. Let y = c - 25. Calculate the remainder when y is divided by 20/6 - 2/(-3).
3
Let m be 2/4 - (-9)/2. Let w = -90 + 92. 